{"id":37,"date":"2023-01-10T09:19:42","date_gmt":"2023-01-10T09:19:42","guid":{"rendered":"https:\/\/vilnius700.epochuratu.lt\/?page_id=37"},"modified":"2023-02-01T13:00:30","modified_gmt":"2023-02-01T11:00:30","slug":"veiklu-reikalavimai-ir-vertinimas","status":"publish","type":"page","link":"https:\/\/vilnius700.epochuratu.lt\/?page_id=37","title":{"rendered":"Veikl\u0173 reikalavimai ir vertinimas"},"content":{"rendered":"\n<figure class=\"wp-block-table\"><table><tbody><tr><td>Youtube ekskursija po sen\u0105 nauj\u0105 Vilni\u0173 u\u017esienio kalba<\/td><td><a href=\"https:\/\/vilnius700.epochuratu.lt\/wp-content\/uploads\/2023\/01\/Youtube-ekskursija-po-sena-nauja-Vilniu-uzsienio-kalba.pdf\" target=\"_blank\" rel=\"noreferrer noopener\">Parsisi\u0173sti<\/a><\/td><\/tr><tr><td>Komikso literat\u016brin\u0117 dalis vertinimas<\/td><td><a href=\"https:\/\/vilnius700.epochuratu.lt\/wp-content\/uploads\/2023\/01\/Komikso-lit.-d.-vertinimas.pdf\" target=\"_blank\" rel=\"noreferrer noopener\">Parsisi\u0173sti<\/a><\/td><\/tr><tr><td>Pateikties reikalavimai<\/td><td><a href=\"https:\/\/vilnius700.epochuratu.lt\/wp-content\/uploads\/2023\/01\/Pateikties-reikalavimai-2023.pdf\" target=\"_blank\" rel=\"noreferrer noopener\">Parsisi\u0173sti<\/a><\/td><\/tr><tr><td>Reklamos taisykl\u0117s<\/td><td><a href=\"https:\/\/vilnius700.epochuratu.lt\/wp-content\/uploads\/2023\/01\/Reklamos_-taisykles.pdf\" target=\"_blank\" rel=\"noreferrer noopener\">Parsisi\u0173sti<\/a><\/td><\/tr><tr><td>Suvenyro reikalavimai<\/td><td><a href=\"https:\/\/vilnius700.epochuratu.lt\/wp-content\/uploads\/2023\/01\/suvenyro-reikalavimai.pdf\" target=\"_blank\" rel=\"noreferrer noopener\">Parsisi\u0173sti<\/a><\/td><\/tr><tr><td>Video (filmukas)<\/td><td><a rel=\"noreferrer noopener\" href=\"https:\/\/vilnius700.epochuratu.lt\/wp-content\/uploads\/2023\/01\/Filmukas.pdf\" target=\"_blank\">Parsisi\u0173sti<\/a><\/td><\/tr><tr><td>Erdvin\u012f model\u012f jau egzistuojan\u010di\u0173 Vilniuje architekt\u016brini\u0173 objekt\u0173<\/td><td><a href=\"https:\/\/vilnius700.epochuratu.lt\/wp-content\/uploads\/2023\/02\/Reikalavimai-matematinei-veiklai.pdf\" target=\"_blank\" rel=\"noreferrer noopener\">Parsisi\u0173sti<\/a><\/td><\/tr><\/tbody><\/table><\/figure>\n","protected":false},"excerpt":{"rendered":"<p>Youtube ekskursija po sen\u0105 nauj\u0105 Vilni\u0173 u\u017esienio kalba Parsisi\u0173sti Komikso literat\u016brin\u0117 dalis vertinimas Parsisi\u0173sti Pateikties reikalavimai Parsisi\u0173sti Reklamos taisykl\u0117s Parsisi\u0173sti Suvenyro reikalavimai Parsisi\u0173sti Video (filmukas) Parsisi\u0173sti Erdvin\u012f model\u012f jau egzistuojan\u010di\u0173 Vilniuje architekt\u016brini\u0173 objekt\u0173 Parsisi\u0173sti<\/p>\n","protected":false},"author":2,"featured_media":0,"parent":0,"menu_order":0,"comment_status":"closed","ping_status":"closed","template":"","meta":[],"_links":{"self":[{"href":"https:\/\/vilnius700.epochuratu.lt\/index.php?rest_route=\/wp\/v2\/pages\/37"}],"collection":[{"href":"https:\/\/vilnius700.epochuratu.lt\/index.php?rest_route=\/wp\/v2\/pages"}],"about":[{"href":"https:\/\/vilnius700.epochuratu.lt\/index.php?rest_route=\/wp\/v2\/types\/page"}],"author":[{"embeddable":true,"href":"https:\/\/vilnius700.epochuratu.lt\/index.php?rest_route=\/wp\/v2\/users\/2"}],"replies":[{"embeddable":true,"href":"https:\/\/vilnius700.epochuratu.lt\/index.php?rest_route=%2Fwp%2Fv2%2Fcomments&post=37"}],"version-history":[{"count":11,"href":"https:\/\/vilnius700.epochuratu.lt\/index.php?rest_route=\/wp\/v2\/pages\/37\/revisions"}],"predecessor-version":[{"id":114,"href":"https:\/\/vilnius700.epochuratu.lt\/index.php?rest_route=\/wp\/v2\/pages\/37\/revisions\/114"}],"wp:attachment":[{"href":"https:\/\/vilnius700.epochuratu.lt\/index.php?rest_route=%2Fwp%2Fv2%2Fmedia&parent=37"}],"curies":[{"name":"wp","href":"https:\/\/api.w.org\/{rel}","templated":true}]}}